
88
Let t(z) = -64*z - 1183. Calculate t(-18).
-31
Let w(r) = 46532*r + 3908690. Give w(-84).
2
Let j(a) = -3022*a - 12064. Determine j(-4).
24
Let v(y) = -68*y**2 - 65*y + 379. What is v(6)?
-2459
Let r(j) = -j**3 + 15*j**2 + 228*j - 2558. Give r(20).
2
Let q(y) = 203*y - 35338. Calculate q(174).
-16
Let s(w) = -117311*w + 14898480. Calculate s(127).
-17
Let f(d) = -3*d**3 - 2385*d**2 + 3*d + 2380. Give f(-795).
-5
Let l(u) = -u**3 + 174*u**2 - 6641*u - 5047. Give l(58).
-1
Let n(o) = -79*o**2 - 121*o - 105. Determine n(-6).
-2223
Let u(g) = 2*g**3 + 3032*g**2 + 6015*g - 62080. Give u(-1514).
-6
Let d(r) = r**3 - 102*r**2 + 199*r - 550. Calculate d(100).
-650
Let j(t) = t**3 + 149*t + 1651. What is j(-8)?
-53
Let p(b) = 6*b**2 + 490*b + 368. What is p(-85)?
2068
Let f(d) = -d**3 - 7*d**2 + 87*d + 113. Calculate f(-13).
-4
Let p(f) = f**3 + 104*f**2 + 536*f + 3977. Determine p(-99).
-82
Let f(p) = 487*p - 196686. Calculate f(404).
62
Let y(b) = 61*b**3 - 2745*b**2 + 2*b - 125. What is y(45)?
-35
Let w(r) = -4027*r - 8037. What is w(-2)?
17
Let h(t) = -3*t**2 + 449*t - 3560. Determine h(142).
-294
Let a(c) = -c**2 + 79*c - 350. What is a(4)?
-50
Let z(j) = j**2 - 296*j - 211416. Calculate z(-335).
-31
Let m(i) = 220*i**2 + 2090*i - 20. Give m(-9).
-1010
Let s(g) = -5*g**3 + 6*g**2 - 35*g + 13. Determine s(5).
-637
Let y(n) = -21*n**2 - 3151*n + 682. Give y(-150).
832
Let z(s) = -1803*s + 142464. What is z(79)?
27
Let y(n) = -4036*n + 2114865. What is y(524)?
1
Let d(v) = -99*v - 9055. What is d(-99)?
746
Let a(w) = 1111*w - 75539. Determine a(68).
9
Let y(c) = -4*c**3 - 47*c**2 - 11*c - 647. Calculate y(-14).
1271
Let z(g) = g**2 + 967*g - 55138. Determine z(54).
-4
Let w(j) = -38*j**2 + 1752*j + 3529. Give w(48).
73
Let h(g) = g**3 + 45*g**2 - 490*g - 18556. Calculate h(-47).
56
Let n(f) = -3*f**2 - 258*f - 3664. What is n(-68)?
8
Let s(o) = -3851*o + 265700. Determine s(69).
-19
Let g(c) = -2*c**2 + 2646*c - 144301. What is g(57)?
23
Let t(h) = 3*h**2 + 914*h - 2143. Calculate t(-305).
-1838
Let a(v) = -19*v**2 - 1052*v + 4057. What is a(-59)?
-14
Let p(s) = 21*s**2 - 1285*s + 3854. What is p(3)?
188
Let l(g) = 189*g + 9018. Determine l(-48).
-54
Let x(i) = -i**3 - 10*i**2 - 600*i - 4736. Give x(-8).
-64
Let s(f) = 16*f**2 - 808*f + 9905. Determine s(21).
-7
Let c(z) = -z**3 + 67*z**2 - 570*z - 464. What is c(11)?
42
Let q(i) = -i**3 + 4*i**2 + 3497*i - 31069. Give q(9).
-1
Let f(k) = 24*k**3 - 11*k**2 + 16*k - 5. Calculate f(1).
24
Let d(p) = 2*p**3 - 132*p**2 - 61*p - 4834. What is d(67)?
57
Let d(h) = -h**3 + 17*h**2 + 277*h - 520. Determine d(27).
-331
Let o(a) = 16*a**2 + 1581*a + 37907. Determine o(-58).
33
Let q(c) = -3*c**3 + 22*c**2 + 1034*c - 7251. Calculate q(7).
36
Let o(s) = 95*s**2 + 1403*s + 12. Determine o(-11).
-3926
Let t(l) = 40*l**2 + 913*l - 233. Determine t(-23).
-72
Let t(j) = j**3 + 12*j**2 - 28*j + 198. Give t(-11).
627
Let w(f) = -37*f**2 + 705*f - 111. Determine w(19).
-73
Let f(q) = 7*q**2 - 4829*q - 19312. Calculate f(-4).
116
Let p(h) = 7*h**2 + 3121*h - 22656. What is p(-453)?
-6
Let y(t) = t**2 - 120*t + 3004. Determine y(48).
-452
Let o(n) = -10112*n + 250572. Calculate o(25).
-2228
Let n(z) = -322*z**2 + 8686*z + 215. Determine n(27).
-1
Let l(q) = q**3 + 108*q**2 + 15*q + 1604. Give l(-108).
-16
Let m(w) = 836*w - 88123. Give m(106).
493
Let t(k) = 26*k**2 - 47*k - 32. Give t(-7).
1571
Let f(w) = 18*w**3 - 108*w**2 - 1603*w - 464. What is f(13)?
-9
Let q(w) = 3*w**3 - 46*w**2 + 3*w + 590. Calculate q(14).
-152
Let n(w) = -2*w**3 - 19*w**2 - 88*w - 499. Determine n(-8).
13
Let q(k) = -k**3 - 11*k**2 - 128*k - 178. What is q(-6)?
410
Let w(v) = -13458*v + 228795. What is w(17)?
9
Let o(u) = -11562*u**2 + 92481*u + 121. Give o(8).
1
Let u(c) = c**3 + 24*c**2 + 389*c + 6828. Give u(-21).
-18
Let j(a) = -a**3 + 193*a**2 + 15530*a + 2190. Calculate j(-61).
-6
Let t(w) = 2188*w + 64194. Determine t(-29).
742
Let h(x) = 161*x + 3546. Determine h(-32).
-1606
Let c(a) = -147*a**3 - 23079*a**2 - 7. What is c(-157)?
-7
Let v(b) = 4*b**2 + 24*b + 286. Give v(-29).
2954
Let n(s) = s**3 + 7*s**2 + 8404*s + 41975. What is n(-5)?
5
Let g(l) = -594*l + 3263. Give g(5).
293
Let x(y) = -2*y**3 - 33*y**2 - 8*y + 546. Determine x(-16).
418
Let m(s) = -6112*s + 36679. Calculate m(6).
7
Let b(q) = -2*q**2 - 28*q + 335. Calculate b(-20).
95
Let m(u) = -7*u**2 + 115*u - 1150. Give m(9).
-682
Let q(a) = 381630*a + 2289776. Give q(-6).
-4
Let i(p) = -2*p**3 + 158*p**2 + 4*p + 588. Calculate i(79).
904
Let y(g) = -40*g + 543. What is y(13)?
23
Let m(v) = 3*v**2 - 2118*v + 37983. Calculate m(18).
831
Let s(b) = 14*b**3 + 121*b**2 + 78*b + 4854. What is s(-11)?
3
Let t(r) = r**2 - 342*r - 14187. Give t(-37).
-164
Let r(j) = 287445*j - 1437295. What is r(5)?
-70
Let b(o) = 4*o**3 - 67*o**2 + 49*o + 3. Give b(16).
19
Let q(x) = -283*x**2 - 8212*x - 75. What is q(-29)?
70
Let d(g) = 2*g**2 + 677*g + 33400. Determine d(-279).
199
Let i(b) = -767*b**2 - 7641*b + 285. Calculate i(-10).
-5
Let i(q) = q**3 + 38*q**2 + 331*q + 416. What is i(-26)?
-78
Let y(q) = q**3 - 15*q**2 - 261*q + 3833. Calculate y(13).
102
Let o(g) = -450*g - 63169. Determine o(-141).
281
Let t(v) = v**3 - 336*v**2 + 23036*v + 365. Give t(96).
-19
Let v(p) = -2293*p - 651. Give v(-3).
6228
Let g(o) = o**3 - 39*o**2 + 127*o - 119. Give g(36).
565
Let o(b) = -13485*b - 1011380. Determine o(-75).
-5
Let k(m) = -2*m**3 + 706*m**2 - 47*m + 16591. Give k(353).
0
Let n(h) = 6*h**2 - 109*h - 110. What is n(19)?
-15
Let l(y) = -73*y**3 + 1389*y**2 + 148*y - 3523. Determine l(19).
11
Let r(k) = -42*k**2 - 2*k - 18. Give r(3).
-402
Let p(f) = 21*f**2 + 67*f + 855. Calculate p(-7).
1415
Let g(p) = -154*p + 2718. Determine g(15).
408
Let i(m) = -2664*m + 74596. Calculate i(28).
4
Let k(j) = 908*j - 83506. Give k(92).
30
Let c(a) = a**2 + 6782*a + 33926. Calculate c(-5).
41
Let n(y) = -3*y**3 - 284*y**2 + 3836*y + 378255. Determine n(-94).
-1
Let k(w) = -2*w**3 + 59*w**2 - 502*w + 1012. What is k(15)?
7
Let g(j) = -733*j**2 - 5837*j + 170. What is g(-8)?
-46
Let f(n) = -n**3 + 354*n**2 - 1814*n + 144851. Determine f(350).
-49
Let f(u) = 9*u**2 - 1038*u + 27973. What is f(43)?
-20
Let u(a) = 3*a**3 - 64*a**2 - 579*a + 1. Calculate u(-10).
-3609
Let j(u) = 2*u**3 + 12*u**2 - 48*u - 249. Determine j(-4).
7
Let g(n) = 9*n**2 + 281*n + 65. Give g(-31).
3
Let s(k) = 4*k**2 - 1254*k + 9267. Calculate s(306).
87
Let m(d) = -21438*d - 5466691. Calculate m(-255).
-1
Let w(q) = 63*q**2 - 1348*q + 1. Give w(21).
-524
Let r(j) = -1310*j + 358949. Give r(274).
9
Let x(h) = -6*h**2 - 7*h + 263. Give x(4).
139
Let k(x) = -3*x**2 + 785*x - 5350. Calculate k(7).
-2
Let s(g) = g**3 + 153*g**2 + 2997*g + 512571. Give s(-155).
-14
Let n(c) = -8*c**3 + 149*c**2 + 1050*c + 25. Determine n(24).
457
Let z(u) = -1494*u + 251704. Give z(169).
-782
Let j(r) = -4*r**3 + 4*r**2 + 380*r - 379. Calculate j(1).
1
Let h(p) = p**3 + 60*p**2 - 65*p - 573. Give h(-11).
6071
Let v(h) = -33996*h - 339995. What is v(-10)?
-35
Let j(v) = v**3 - 21*v**2 - 1312*v + 28387. What is j(22)?
7
Let j(w) = 8*w**3 + 690*w**2 + 1508*w - 323. What is j(-84)?
13
Let k(a) = 3*a**2 + 58*a + 238. Give k(-31).
1323
Let m(t) = 4*t**3 + 91*t**2 - 4176*t - 95508. What is m(-23)?
11
Let g(j) = -j**3 + 142*j**2 - 719*j + 41966. Calculate g(139).
-12
Let k(s) = -6569*s + 58863. Give k(9).
-258
Let h(d) = -6*d**2 + 315*d + 6846. Determine h(-17).
-243
Let c(v) = -11*v**3 - 3706*v**2 + 348*v + 3376. Give c(-337).
-331
Let g(x) = 2*x**3 - 433*x**2 + 1068*x + 456. What is g(214)?
28
Let m(b) = 11*b**2 - 472*b - 3829. What is m(-7)?
14
Let m(j) = -j**3 - 214*j**2 + 2544*j - 762. Give m(11).
-3
Let p(o) = -2*o**2 + 654*o + 15254. Determine p(-22).
-102
Let a(i) = 3623*i + 3633. Give a(-1).
10
Let k(g) = -2389*g + 95578. What is k(40)?
18
Let x(q) = 28*q**2 - 4557*q - 843. Calculate x(163).
298
Let m(x) = 2*x**3 - 2351*x**2 - 17738*x - 8282. Determine m(1183).
-1
Let d(q) = -34*q**2 - 83*q + 125. What is d(-7)?
-960
Let s(h) = -h**2 - 4089*h + 219496. What is s(53)?
-30
Let v(o) = 635*o - 368937. Calculate v(581).
-2
Let v(i) = i**2 - 227*i - 42089. Calculate v(-121).
19
Let r(b) = -5141*b + 267356. Calculate r(52).
24
Let h(d) = 50*d - 7278. Determine